actor of m and 13?
13
Suppose -5*a - 4*j = -61 - 5, 4*j = -a + 26. Calculate the highest common divisor of 110 and a.
10
Let j = 20 + -8. Let i be 4*(1 - (-27)/j). What is the greatest common factor of 117 and i?
13
Let c(f) = 3*f**2 + 2*f + 1. Let p be c(-1). Let l be 1 - (1 - 0 - p). Suppose -3*t + 4*t = 2. What is the greatest common factor of l and t?
2
Suppose -m + 8 = -0*m. What is the greatest common divisor of 12 and m?
4
Let m(c) = c**3 - 7*c**2 - 8*c + 6. Let h(k) = k**2 + 9*k - 14. Let p be h(-11). Let z be m(p). Calculate the greatest common divisor of z and 24.
6
Let o = -99 + 211. Suppose -24*r = -35*r + 176. What is the highest common divisor of r and o?
16
Let g(w) = 6*w**2 - 11*w + 7. Let x be g(3). What is the highest common factor of x and 112?
28
Suppose -3*w - 30 = -3*i - 0*w, 5*i - 30 = -5*w. Let r(h) = 4*h**2 - 6*h. Let v be r(4). What is the greatest common factor of v and i?
8
Let y = 24 + 18. Calculate the greatest common factor of y and 14.
14
Suppose -142 = -3*f - 25. Suppose 3*m + i - f = -0, 4*m - 63 = -5*i. Calculate the highest common factor of 18 and m.
6
Let j be -5 - -6 - (-2)/2. Calculate the highest common factor of 8 and j.
2
Let l be 404/72*20 - (-6)/(-27). What is the greatest common divisor of l and 168?
56
Let h be 0 - -1 - (0 - 134). Calculate the greatest common factor of h and 27.
27
Let k = 123 + 160. Let v = k + -74. What is the highest common factor of 19 and v?
19
Suppose 2*o = 58 + 22. What is the highest common factor of o and 4?
4
Suppose 3*j - 306 = -3*c, 0 = j - 5*j + c + 393. Suppose -12 = -3*p + 15. Calculate the greatest common factor of j and p.
9
Suppose 3*h + 13*h = 1456. What is the greatest common factor of 13 and h?
13
Let c be 216 + 2 - (2 + -4). Let x be (-4)/(-18) - 178/(-9). What is the greatest common factor of x and c?
20
Let g = 70 - 40. Calculate the greatest common factor of g and 120.
30
Let n = 135 + -3. What is the highest common factor of n and 22?
22
Let i be (-6)/6 - 34*-1. Calculate the greatest common factor of 132 and i.
33
Suppose w = 142 + 28. Calculate the highest common factor of w and 17.
17
Let i = 485 + -317. Calculate the greatest common factor of i and 12.
12
Let p be 4*(0 + (-111)/(-12)). Suppose -5*s + p = 3*c, c + 4*s + 0*s = 10. What is the greatest common divisor of 14 and c?
14
Let a(d) = 5*d**2 - 9*d + 21. Let s be a(4). Suppose -2*t = -0*t - 26. Calculate the greatest common factor of s and t.
13
Suppose -5*y - 5*s = -10, -5*y = -5*s - 25 + 5. Suppose 0 = -7*i + y*i + 392. Calculate the highest common factor of 14 and i.
14
Let k be (342/(-15))/(3/(-10)). Let r = k + -36. Suppose 5*h - 3*h - 32 = 0. What is the greatest common factor of r and h?
8
Let r(a) = 4*a**3 - 2*a + 1. Let c be r(1). Suppose 6*o - o - 14 = -t, -10 = -4*t + c*o. What is the greatest common factor of t and 1?
1
Suppose -4*w - 64 = -2*r, -5*r + 195 = -w - 2*w. Let s be (0 + -21)*(-8)/6. Calculate the highest common divisor of s and r.
14
Let i(f) = 36*f - 27. Let w be i(5). What is the greatest common factor of 9 and w?
9
Suppose r - 5*r = 28. Let v(w) = -w - 2. Let q be v(r). Suppose -q*i + 20 = 0, 0 = -3*d - 2*i + 9 + 5. What is the highest common divisor of 22 and d?
2
Let m be 23/2 + (-3)/2. Suppose 0 = -n + 5. What is the highest common factor of m and n?
5
Let b = -216 + 396. What is the highest common divisor of b and 45?
45
Let x(w) = -17*w**2 - 2*w - 1. Let y be x(-1). Suppose -f + h + 15 = -13, 12 = -4*h. Let m = y + f. Calculate the highest common factor of m and 36.
9
Suppose g + 70 = 3*g. Suppose -2*v - 5 = -g. What is the highest common factor of v and 5?
5
Let m = 24 - 15. Let s(y) = 19*y + 9. Let a be s(0). Calculate the highest common divisor of a and m.
9
Suppose 0 = 2*m + m - 36. Let z be 1 + -4 - m/(-3). Calculate the greatest common divisor of 2 and z.
1
Let h = -25 + 57. Calculate the highest common divisor of h and 32.
32
Suppose -y - 83 = -6*y - h, -y + 3*h + 23 = 0. What is the highest common factor of y and 85?
17
Let j = -6 - -15. Let x(n) = -n**2 + 11*n - 4. Let m be x(j). Calculate the greatest common factor of m and 98.
14
Suppose -4*j + 3*c + 22 = 0, 4*j = -2*c + c + 30. Let q = j + -5. Calculate the greatest common factor of q and 3.
1
Let q = -2 - -4. Let d be (396 - 0)*q/4. Calculate the greatest common factor of d and 18.
18
Suppose 92 = 6*h - 58. Calculate the highest common divisor of h and 25.
25
Suppose 5*p - 254 - 226 = 0. Suppose 0*v + 2*v = 3*k - 65, -5*k = -v - 120. Let q = -13 + k. What is the highest common factor of p and q?
12
Let m = -9 - -24. Let t(r) = -83*r - 1. Let w be t(-2). What is the greatest common factor of w and m?
15
Let x = 850 - 481. What is the highest common divisor of x and 41?
41
Let i(w) = -w - 3. Let n be i(-2). Let k be (0 - n)/((-8)/(-960)). What is the greatest common divisor of 15 and k?
15
Suppose 3*q + 73 = 4*o + 8, 4*o = -3*q + 71. What is the highest common factor of 17 and o?
17
Let v be (-2)/3*36/(-4). Suppose 3*b - 27 = v. Calculate the greatest common divisor of 99 and b.
11
Suppose -3*r - 81 = -4*r. Let d be 1*-2 + (2 - 0). Suppose d*g + 27 = 3*g. What is the greatest common factor of g and r?
9
Let a be (4 + 12/(-3))*1. Suppose -8*w + 2*w + 126 = a. What is the highest common divisor of 21 and w?
21
Let p be 380/9 - (-8)/(-36). Calculate the greatest common divisor of 63 and p.
21
Let x = 14 - 0. Let y be 11/(3 - (-1 + (-55)/(-14))). What is the highest common factor of y and x?
14
Let b(f) = 2*f + 31. Let c be b(-9). What is the highest common divisor of 156 and c?
13
Let u be ((-1)/1)/((-2)/12). Let g = u - 4. Calculate the highest common factor of 16 and g.
2
Let a(v) = 7*v**2. Let d be a(2). Suppose -4*z + 137 + 143 = 0. What is the greatest common factor of z and d?
14
Suppose -4*t - 12 = 0, -2*n + 1589 = -5*t + 430. Calculate the greatest common factor of 52 and n.
52
Let h = -5 - -6. What is the highest common factor of 5 and h?
1
Suppose -4 = m - 6. Suppose -32 = -m*o + 4*k, -4*k + 13 = o - 3*k. What is the greatest common factor of o and 42?
14
Suppose -16 = 3*g - 7*g. Calculate the greatest common factor of 1 and g.
1
Suppose 100 = 3*k - 56. Calculate the greatest common factor of k and 13.
13
Let c be (-682)/(-14) + (4/(-14))/(-1). What is the greatest common divisor of c and 343?
49
Suppose 0 = 3*l + 6, 4*g - 35 = g + l. Suppose -4*q - 2*a + 222 = -4*a, 4*q = -5*a + 215. What is the highest common factor of q and g?
11
Let z(s) = -7*s + 1. Let m be z(-3). Calculate the greatest common factor of 44 and m.
22
Let i = -8 - -13. Suppose 0 = -i*v - 5*o + 65, 2*o - 44 = -5*v + 9. Calculate the highest common factor of v and 3.
3
Let i be 948/7 - 36/(-63). What is the highest common divisor of 17 and i?
17
Suppose r = -0*r - g + 23, r = 5*g + 53. Calculate the greatest common factor of 14 and r.
14
Suppose -2*u + 1 = w - 13, -w = u - 19. Calculate the highest common divisor of w and 3.
3
Suppose 3*z - 228 = -4*n, 0*z + 231 = 3*z + 5*n. Let o be (-1)/(((-1)/(-8))/(-1)). Calculate the greatest common factor of z and o.
8
Suppose -2*y - 3*r + 63 = -59, 4*r = y - 83. Suppose y = j + 5*w - 1, 5*w - 260 = -5*j. What is the greatest common factor of 16 and j?
16
Suppose 0 = 17*x - 19*x + 40. Suppose i - 155 - 250 = -5*z, -330 = -4*z - 2*i. Calculate the greatest common divisor of x and z.
20
Suppose -36 = -3*d + 45. Let m be (-9)/(-4) - 2/8. Let f be 237/27 - m/(-9). What is the greatest common factor of f and d?
9
Let r(s) = -s**3 + 7*s**2 + 6*s - 4. Let t be r(8). Let k = -11 - t. Let q be (-84)/(-1) + -2 + -1. Calculate the highest common factor of k and q.
9
Let r = 0 - -55. Let n = 51 + -33. Let y = 29 - n. Calculate the highest common factor of y and r.
11
Let h = -2 + 4. Suppose -h - 2 = -q. Let m be (-4)/(-5)*(-80)/(-2). What is the greatest common divisor of q and m?
4
Let a be (-12)/66 - 1588/(-22). What is the greatest common factor of a and 8?
8
Suppose -5*h + 3 - 8 = 0. Let l = 11 + h. What is the highest common divisor of l and 4?
2
Let i(k) = -k**2 - 8*k + 11. Let r be i(-9). Suppose 4*y - 85 = 2*q - 3*q, 2*q - r = 0. Calculate the greatest common divisor of y and 21.
21
Suppose -2*a - 3*w + 12 = 1, a - 5*w - 38 = 0. Calculate the greatest common factor of 13 and a.
13
Let k = 